e factors of 818?
2, 409
What are the prime factors of 5347?
5347
What are the prime factors of 2973?
3, 991
What are the prime factors of 3921?
3, 1307
What are the prime factors of 1134?
2, 3, 7
What are the prime factors of 1018?
2, 509
What are the prime factors of 2700?
2, 3, 5
What are the prime factors of 10031?
7, 1433
List the prime factors of 105.
3, 5, 7
What are the prime factors of 3654?
2, 3, 7, 29
List the prime factors of 48066.
2, 3, 8011
What are the prime factors of 16148?
2, 11, 367
List the prime factors of 32890.
2, 5, 11, 13, 23
List the prime factors of 62991.
3, 2333
List the prime factors of 2585.
5, 11, 47
List the prime factors of 3607.
3607
What are the prime factors of 5170?
2, 5, 11, 47
What are the prime factors of 148?
2, 37
What are the prime factors of 2850?
2, 3, 5, 19
What are the prime factors of 167?
167
List the prime factors of 123.
3, 41
List the prime factors of 19467.
3, 7, 103
List the prime factors of 2157.
3, 719
What are the prime factors of 2668?
2, 23, 29
What are the prime factors of 3416?
2, 7, 61
What are the prime factors of 19822?
2, 11, 17, 53
What are the prime factors of 101462?
2, 97, 523
What are the prime factors of 1561?
7, 223
What are the prime factors of 24396?
2, 3, 19, 107
List the prime factors of 5010.
2, 3, 5, 167
What are the prime factors of 34068?
2, 3, 17, 167
What are the prime factors of 66?
2, 3, 11
List the prime factors of 836.
2, 11, 19
List the prime factors of 9314.
2, 4657
List the prime factors of 4121.
13, 317
What are the prime factors of 73471?
73471
List the prime factors of 10843.
7, 1549
List the prime factors of 2482.
2, 17, 73
List the prime factors of 254.
2, 127
What are the prime factors of 2081?
2081
What are the prime factors of 6279?
3, 7, 13, 23
List the prime factors of 30908.
2, 7727
What are the prime factors of 723?
3, 241
What are the prime factors of 36706?
2, 18353
What are the prime factors of 200?
2, 5
What are the prime factors of 23948?
2, 5987
List the prime factors of 70776.
2, 3, 983
What are the prime factors of 11092?
2, 47, 59
What are the prime factors of 5591?
5591
What are the prime factors of 6316?
2, 1579
What are the prime factors of 17786?
2, 8893
List the prime factors of 55384.
2, 7, 23, 43
What are the prime factors of 6086?
2, 17, 179
List the prime factors of 2052.
2, 3, 19
List the prime factors of 124034.
2, 62017
List the prime factors of 5626.
2, 29, 97
What are the prime factors of 8514?
2, 3, 11, 43
List the prime factors of 797.
797
What are the prime factors of 29263?
13, 2251
List the prime factors of 5430.
2, 3, 5, 181
What are the prime factors of 2036?
2, 509
List the prime factors of 20428.
2, 5107
List the prime factors of 1007.
19, 53
What are the prime factors of 2586?
2, 3, 431
What are the prime factors of 1588?
2, 397
What are the prime factors of 30237?
3, 10079
List the prime factors of 334.
2, 167
List the prime factors of 4710.
2, 3, 5, 157
List the prime factors of 65055.
3, 5, 4337
What are the prime factors of 63515?
5, 12703
List the prime factors of 7622.
2, 37, 103
What are the prime factors of 3048?
2, 3, 127
List the prime factors of 5094.
2, 3, 283
List the prime factors of 2563.
11, 233
What are the prime factors of 75032?
2, 83, 113
List the prime factors of 8624.
2, 7, 11
What are the prime factors of 56193?
3, 18731
What are the prime factors of 9929?
9929
What are the prime factors of 3793?
3793
What are the prime factors of 3542?
2, 7, 11, 23
What are the prime factors of 281?
281
List the prime factors of 45495.
3, 5, 337
What are the prime factors of 13664?
2, 7, 61
List the prime factors of 368.
2, 23
List the prime factors of 430.
2, 5, 43
What are the prime factors of 35743?
31, 1153
List the prime factors of 3097.
19, 163
What are the prime factors of 2230?
2, 5, 223
List the prime factors of 869.
11, 79
List the prime factors of 122.
2, 61
List the prime factors of 83162.
2, 43, 967
List the prime factors of 3766.
2, 7, 269
What are the prime factors of 937?
937
List the prime factors of 16158.
2, 3, 2693
What are the prime factors of 1466?
2, 733
List the prime factors of 54876.
2, 3, 17, 269
What are the prime factors of 56079?
3, 31, 67
List the prime factors of 20975.
5, 839
What are the prime factors of 3499?
3499
What are the prime factors of 11046?
2, 3, 7, 263
List the prime factors of 22021.
19, 61
What are the prime factors of 1548?
2, 3, 43
What are the prime factors of 123?
3, 41
What are the prime factors of 10335?
3, 5, 13, 53
What are the prime factors of 50827?
7, 53, 137
What are the prime factors of 14931?
3, 7, 79
List the prime factors of 32216.
2, 4027
List the prime factors of 1321.
1321
What are the prime factors of 2482?
2, 17, 73
List the prime factors of 21769.
11, 1979
List the prime factors of 3931.
3931
List the prime factors of 111.
3, 37
What are the prime factors of 3338?
2, 1669
What are the prime factors of 1081?
23, 47
List the prime factors of 4597.
4597
List the prime factors of 5831.
7, 17
What are the prime factors of 1037?
17, 61
What are the prime factors of 7307?
7307
List the prime factors of 80111.
80111
What are the prime factors of 24075?
3, 5, 107
List the prime factors of 68819.
68819
List the prime factors of 3803.
3803
List the prime factors of 76331.
37, 2063
List the prime factors of 192.
2, 3
What are the prime factors of 151633?
53, 2861
What are the prime factors of 13884?
2, 3, 13, 89
List the prime factors of 16621.
11, 1511
What are the prime factors of 512?
2
List the prime factors of 17192.
2, 7, 307
What are the prime factors of 35769?
3, 11923
List the prime factors of 831.
3, 277
What are the prime factors of 121?
11
What are the prime factors of 13922?
2, 6961
What are the prime factors of 3454?
2, 11, 157
What are the prime factors of 16575?
3, 5, 13, 17
List the prime factors of 86981.
86981
What are the prime factors of 32529?
3, 7, 1549
What are the prime factors of 1271?
31, 41
List the prime factors of 759.
3, 11, 23
What are the prime factors of 931?
7, 19
What are the prime factors of 373?
373
What are the prime factors of 45005?
5, 9001
What are the prime factors of 1424?
2, 89
What are the prime factors of 832?
2, 13
List the prime factors of 71353.
71353
What are the prime factors of 444?
2, 3, 37
What are the prime factors of 1730?
2, 5, 173
What are the prime factors of 18689?
11, 1699
List the prime factors of 26849.
26849
List the prime factors of 25254.
2, 3, 23, 61
What are the prime factors of 40128?
2, 3, 11, 19
List the prime factors of 161.
7, 23
List the prime factors of 7416.
2, 3, 103
List the prime factors of 113048.
2, 13, 1087
List the prime factors of 926.
2, 463
List the prime factors of 4011.
3, 7, 191
What are the prime factors of 52156?
2, 13, 17, 59
List the prime factors of 4922.
2, 23, 107
List the prime factors of 2478.
2, 3, 7, 59
What are the prime factors of 1479?
3, 17, 29
List the prime factors of 1363.
29, 47
List the prime factors of 9556.
2, 2389
List the prime factors of 11632.
2, 727
What are the prime factors of 117?
3, 13
List the prime factors of 51703.
149, 347
What are the prime factors of 770?
2, 5, 7, 11
What are the prime factors of 771?
3, 257
What are the prime factors of 1700?
2, 5, 17
What are the prime factors of 105515?
5, 47, 449
List the prime factors of 93472.
2, 23, 127
What are the prime factors of 73082?
2, 36541
List the prime factors of 16243.
37, 439
List the prime factors of 11846.
2, 5923
What are the prime factors of 1528?
2, 191
List the prime factors of 154916.
2, 38729
What are the prime factors of 65115?
3, 5, 1447
What are the prime factors of 3211?
13, 19
What are the prime factors of 3759?
3, 7, 179
List the prime factors of 1049.
1049
What are the prime factors of 1337?
7, 191
What are the prime factors of 25882?
2, 12941
List the prime factors of 1131.
3, 13, 29
List the prime factors of 14120.
2, 5, 353
List the prime factors of 121383.
3, 13487
What are the prime factors of 9?
3
What are the prime factors of 350?
2, 5, 7
What are the prime factors of 60779?
60779
List the prime factors of 1933.
1933
What are the prime factors of 26966?
2, 97, 139
List the prime factors of 497.
7, 71
List the prime factors of 1083.
3, 19
List